-11*y**2 - 2907*y - 25274. Determine x(-9).
-2
Let t(p) = p**3 - 98*p**2 + 2521*p - 272114. Give t(100).
-14
Let l(b) = 606*b**2 - 404*b - 405. Determine l(-1).
605
Let b(l) = 5680*l + 6041. What is b(-1)?
361
Let x(j) = j**3 - 1505*j**2 + 3480*j - 2971908. What is x(1504)?
-4
Let v(l) = -98*l**3 + 1186*l**2 + 22*l - 23. Give v(12).
1681
Let o(k) = k**3 - 192*k**2 + 3268*k + 383. What is o(19)?
22
Let b(x) = 85*x**3 - 13599*x**2 - 164*x + 639. Calculate b(160).
-1
Let j(r) = 623*r + 31189. Determine j(-50).
39
Let a(o) = -o**2 - 143*o + 7814. Determine a(42).
44
Let w(b) = -3877*b + 139787. Determine w(36).
215
Let f(l) = 341*l - 136842. Calculate f(402).
240
Let n(y) = y**2 + 89*y + 649. Give n(-83).
151
Let y(d) = 5*d**3 + 660*d - 1980. Calculate y(3).
135
Let r(w) = -w**2 + 207*w + 28345. Calculate r(301).
51
Let q(g) = -7*g**3 + 1401*g**2 - 198*g - 456. What is q(200)?
-56
Let h(f) = f**3 + 13*f**2 + 52*f + 1015. What is h(-14)?
91
Let w(s) = s**2 + 3000*s - 29788. Give w(10).
312
Let x(y) = 59*y**2 + 42655*y + 125998. Give x(-720).
-2
Let o(a) = 213*a + 3524. Determine o(-18).
-310
Let x(a) = -a**3 - 149*a**2 + 164*a + 72. Determine x(-150).
-2028
Let h(v) = v**3 - 16*v**2 + 9*v - 364. Give h(14).
-630
Let j(o) = o**3 + 17*o**2 + 61*o + 121. What is j(-14)?
-145
Let s(p) = -52733*p + 22358799. What is s(424)?
7
Let b(x) = x**3 - 5*x**2 - 5*x - 13. Give b(-8).
-805
Let v(i) = 6124849*i + 18374548. Give v(-3).
1
Let k(b) = 9*b**2 + 143*b - 115. Give k(-23).
1357
Let f(n) = -1076*n - 866. Determine f(-1).
210
Let f(c) = -c**2 - 234*c - 9645. Determine f(-173).
908
Let b(y) = y**3 + 174*y**2 + 986*y - 3561. Determine b(-168).
135
Let u(v) = -v**3 + 247*v**2 + 763*v + 158. Determine u(250).
3408
Let m(l) = 7877*l - 3268949. Calculate m(415).
6
Let n(o) = 5*o**3 - 148*o**2 - 37*o - 175. Determine n(30).
515
Let d(z) = z**2 - 14448*z + 21583159. Calculate d(1692).
7
Let n(o) = 1342*o + 9196. Determine n(-4).
3828
Let s(w) = w**3 + 13*w**2 - 8034*w - 135422. What is s(-17)?
0
Let u(i) = 43342*i - 390067. Give u(9).
11
Let n(x) = 2*x**3 + 213*x**2 + 3608*x - 3968. Determine n(-85).
27
Let k(h) = -h**2 + 7173*h - 221427. Give k(31).
-25
Let d(x) = 977498*x - 19549948. Give d(20).
12
Let d(n) = -n**3 - 27*n**2 + 121*n + 361. Determine d(-30).
-569
Let a(k) = -4188*k + 117269. Determine a(28).
5
Let g(w) = -2*w**2 - 945*w + 34729. Give g(34).
287
Let w(d) = 3*d**3 + 23*d**2 + 1691*d + 10081. Calculate w(-6).
115
Let w(t) = -15303*t + 140148. What is w(9)?
2421
Let s(g) = -5198*g + 155955. Give s(30).
15
Let q(u) = -u**2 - 2697*u - 173644. Give q(-66).
2
Let s(w) = 58*w**2 - 2223*w + 145. Give s(38).
-577
Let i(j) = j**2 + 3612*j - 172437. Determine i(47).
-464
Let n(u) = 57583*u - 575825. Calculate n(10).
5
Let j(f) = -f**3 + 112*f**2 + 110*f - 105. Calculate j(113).
-444
Let h(d) = -d**2 - 1039*d + 1233. Determine h(0).
1233
Let h(f) = -38*f**2 - 139*f + 5459. What is h(-14)?
-43
Let a(o) = -1506*o - 2862. Calculate a(-2).
150
Let l(s) = -373*s - 3095. What is l(-8)?
-111
Let o(m) = -16*m**2 + 5622*m - 11247. Calculate o(2).
-67
Let z(h) = -3*h**2 - 1646*h + 82058. Determine z(46).
-6
Let n(a) = 298*a - 68232. What is n(229)?
10
Let q(a) = -a**2 - 10750*a - 42962. Give q(-4).
22
Let r(y) = -293*y + 20477. Determine r(70).
-33
Let a(x) = x**3 + 314*x**2 + 124*x - 155992. Determine a(-312).
8
Let c(b) = -21*b**3 - 4054*b**2 - 191*b + 451. Calculate c(-193).
65
Let n(q) = 244*q + 34403. Give n(-141).
-1
Let w(c) = -15800*c + 142255. Determine w(9).
55
Let g(u) = -2692*u**3 + 2*u**2 - 11*u - 13. Determine g(-1).
2692
Let y(l) = -224*l**2 + 6720*l - 26. What is y(30)?
-26
Let n(r) = -13093*r**2 + 117841*r - 15. Determine n(9).
21
Let t(i) = i**2 + 522*i + 32769. Give t(-73).
-8
Let v(g) = -2*g**2 - 134*g - 1528. Calculate v(-54).
-124
Let q(r) = r**2 + 16395*r + 343848. Give q(-21).
-6
Let d(y) = -y**3 - 80*y**2 + 199*y - 144. Give d(-82).
-3014
Let n(m) = m**2 + 244*m - 8610. What is n(30)?
-390
Let q(u) = -u**2 + 4009*u + 177727. Determine q(-44).
-605
Let n(l) = -5612*l + 4663570. Give n(831).
-2
Let s(h) = -542*h**2 - 65585*h - 383. Give s(-121).
-20
Let g(t) = 10*t**2 - 3178*t + 12551. Determine g(4).
-1
Let m(y) = -341*y - 77722. What is m(-228)?
26
Let m(s) = 51*s - 768. Determine m(15).
-3
Let a(r) = -82*r**2 - 617*r + 281. Give a(-8).
-31
Let g(h) = 44*h - 1270. Give g(43).
622
Let z(y) = -59*y**2 - 965*y - 2891. What is z(-3)?
-527
Let s(i) = 7*i**2 + 3318*i + 195612. Calculate s(-69).
-3
Let b(o) = 1798*o + 195978. Give b(-109).
-4
Let y(u) = -1868*u - 130852. Give y(-70).
-92
Let u(l) = l**3 + 15*l**2 - 56*l - 723. Determine u(-14).
257
Let g(a) = 104*a**2 - 22467*a + 22465. Determine g(1).
102
Let c(n) = 5*n**3 + 480*n**2 - 11598*n - 60. Give c(20).
-20
Let w(l) = 2347*l - 14395. Calculate w(5).
-2660
Let v(o) = 236*o - 909. Determine v(11).
1687
Let i(j) = 38*j**2 + 238*j + 379. Give i(-8).
907
Let j(p) = -540*p - 68313. What is j(-126)?
-273
Let v(d) = 570*d - 46087. Calculate v(81).
83
Let r(j) = j**3 + 91*j**2 - 279*j + 604. What is r(-94)?
322
Let d(b) = 39*b**2 + 8311*b + 758. Give d(-213).
-94
Let f(n) = -n**3 + 185*n**2 + 497*n + 11379. Give f(188).
-1217
Let m(h) = -3*h**3 + 15*h**2 - 22262*h + 133663. What is m(6)?
-17
Let j(z) = -14*z**2 + 510*z - 1984. Calculate j(32).
0
Let t(z) = 12*z**2 + 2287*z + 50653. What is t(-165)?
-2
Let q(f) = 686*f**2 + 4814*f + 27. Give q(-7).
-57
Let o(c) = 3*c**2 - 87*c - 4163. Give o(54).
-113
Let g(b) = -399*b**2 - 29501*b - 22. Give g(-74).
-1872
Let r(l) = -3976*l + 254455. Determine r(64).
-9
Let f(s) = 172*s - 4227. Determine f(25).
73
Let f(l) = 417*l - 129261. Give f(310).
9
Let t(l) = -l**3 - 125*l**2 - 241*l + 892. Calculate t(-123).
277
Let j(g) = 3*g**3 - g**2 - 10*g - 89. Calculate j(-6).
-713
Let q(v) = v**3 + 186*v**2 + 2855*v - 2890. Calculate q(-169).
152
Let p(n) = 80*n - 7926. What is p(107)?
634
Let u(m) = -1220*m + 255514. Determine u(209).
534
Let x(b) = -83*b**3 + 18*b**2 - 16*b - 37. Calculate x(2).
-661
Let z(a) = -4*a**2 - 573*a - 6930. Determine z(-13).
-157
Let c(j) = -7341*j - 726723. What is c(-99)?
36
Let p(m) = 37*m**2 - 1459*m - 148. Give p(40).
692
Let j(f) = -63*f + 11015. Give j(172).
179
Let r(w) = -48*w**2 + 256*w - 387. Calculate r(3).
-51
Let l(v) = 39*v**2 - 329*v - 41. What is l(7)?
-433
Let q(f) = -1929*f - 34767. What is q(-18)?
-45
Let k(y) = -2*y**2 + 910*y - 73972. What is k(349)?
16
Let x(o) = 3*o**3 - 172*o**2 + 279*o + 5829. Calculate x(55).
-1
Let r(n) = -7*n**3 + 13*n**2 - 11*n - 46. Calculate r(-3).
293
Let o(i) = i**3 + 182*i**2 + 9*i + 1699. Give o(-182).
61
Let s(b) = b**3 + 1974*b**2 + 645839*b - 432. Determine s(-414).
-18
Let a(g) = 7*g**2 + 3950*g - 163410. What is a(-603)?
3
Let t(l) = 1443*l**2 + 148624*l - 535. What is t(-103)?
-20
Let p(g) = -g**3 - 40*g**2 + 222*g - 86. Give p(-45).
49
Let z(g) = -2122*g - 27584. Determine z(-13).
2
Let y(o) = 9484*o + 2143386. What is y(-226)?
2
Let l(o) = 282*o - 9757. What is l(36)?
395
Let x(v) = -v**3 + 26*v**2 - 93*v + 1903. Give x(26).
-515
Let t(a) = -a**3 + 202*a**2 - 1913*a - 1326. What is t(192)?
18
Let m(x) = 2*x**3 + 55*x**2 - 2054*x + 404. Calculate m(21).
47
Let r(i) = -4*i**2 + 71*i + 4272. Calculate r(61).
-6281
Let j(u) = 95*u**2 + 609*u + 180. Determine j(-6).
-54
Let q(t) = 2*t**2 - 1016*t - 49781. Determine q(553).
-11
Let f(n) = -1193*n**2 + 31240*n + 31240. Calculate f(-1).
-1193
Let b(i) = 7*i**3 - 31*i**2 + 60*i - 299. Give b(5).
101
Let p(u) = -u**2 + 16858*u - 605610. Calculate p(36).
-18
Let v(i) = 8*i**3 + 171*i**2 + 50*i - 328. Give v(-21).
-55
Let h(m) = m**2 + 8480*m + 59312. Give h(-7).
1
Let u(i) = 7*i**3 + 3153*i**2 - 1623*i + 81620. Give u(-451).
-11
Let n(t) = t**3 + 25*t**2 - 36*t - 3. Determine n(2).
33
Let i(k) = 36*k**3 + 6*k**2 + 147*k + 145. Give i(-1).
-32
Let u(b) = 10*b**2 + 42*b - 92. Give u(6).
520
Let m(b) = b**3 + 492*b**2 - 7087*b - 1500. Give m(-506).
18
Let p(h) = h**2 + 118*h + 1407. What is p(-42)?
-1785
Let q(c) = -2*c**3 - 167*c**2 + 975*c - 143. Give q(-89).
213
Let z(d) = 576*d - 34293. What is z(59)?
-309
Let u(y) = 2*y**3 + 160*y**2 + 1634*y + 106. Determine u(-68).
-30
Let l(h) = -5*h**3 + 927*h**2 - 6590*h - 116. Calculate l(178).
-82